 t = g + k. Calculate the highest common divisor of 91 and t.
13
Let q = 54 - 60. Let j(n) = -n - 9. Let a be j(q). Let t be 8*1 + a/(-3). What is the greatest common factor of t and 9?
9
Let n(k) = 2*k**2 + 14*k + 6. Let z(c) = -3*c**2 - 27*c - 12. Let g(q) = 5*n(q) + 3*z(q). Let j be g(12). Calculate the greatest common factor of j and 2.
2
Let s be 74/(-10) + 4/10. Let g be 19*(-3)/(3/s). Suppose 45*f - 32*f - 247 = 0. What is the highest common divisor of g and f?
19
Let c be (-21)/(-3) + 20 + 0. Suppose -5*t - 54*j + 59*j = -105, -j + c = t. Calculate the highest common factor of 192 and t.
24
Let g be (-105)/180*27*-4. Let i = -49 - -70. Calculate the greatest common factor of i and g.
21
Let g(c) = -38*c**3 - c**2 - 10*c - 16. Let n be g(-2). Suppose -3*f + n = 13*f. Calculate the greatest common divisor of f and 95.
19
Suppose 3*b - 18 = 3*i, 32 - 12 = -4*b. Let y(t) = t**3 + 10*t**2 - 10*t + 14. Let v be y(i). Calculate the highest common factor of v and 21.
3
Suppose -5*g - 4*y + 11 = 0, 20*g - 18*g - 4 = -2*y. Let i be 6/(-2) + (g - 2) + 86. What is the highest common factor of i and 112?
28
Let z(k) be the second derivative of k**4/6 + 5*k**3/6 + 39*k**2/2 + 4*k - 11. Let g be z(-10). What is the greatest common divisor of 42 and g?
21
Suppose -134 = y + y + 2*r, 285 = -5*y + 5*r. Let l = y + 59. Let f be (l/6*-4)/((-2)/(-6)). What is the highest common divisor of f and 6?
6
Suppose -3*g = 90 + 114. Let l = -59 + 131. Let p = g + l. What is the greatest common factor of 36 and p?
4
Suppose -21*h + 1293 + 923 = -115. Calculate the greatest common divisor of 74 and h.
37
Suppose -26*w + 6 = -23*w. Let j be (-2698)/(-266) - w/14. Suppose q - 3 = -2*b + 4, -5*q + 4*b = -21. What is the greatest common divisor of j and q?
5
Let c(q) = -94*q - 674. Let v be c(-8). Calculate the greatest common factor of v and 2262.
78
Let q(x) = 654*x - 1447. Let j be q(10). What is the highest common divisor of j and 22?
11
Let k(u) = u**3 - 2*u**2 + 5*u - 2. Let y be k(3). Let p be 4/18 - 94340/(-477). What is the highest common divisor of y and p?
22
Let h be (-1 - -123)/((-2 + 10)/136). What is the highest common factor of 366 and h?
122
Suppose -422*u - 4 = -423*u. Suppose -u*v + 655 = -1633. Calculate the greatest common factor of 52 and v.
52
Let q = -108 - -123. Suppose -1445 + 290 = -q*x. What is the greatest common factor of x and 14?
7
Suppose -4*w - 957 = -2*h + 943, 3*w + 1423 = 2*h. Let p = w - -797. What is the highest common factor of 20 and p?
20
Suppose -4*i - 3 - 37 = 0. Let o be (-5)/((-75)/i)*-18. What is the highest common factor of o and 21?
3
Let w(y) = -2*y + 5 + 124*y**2 + 6 - 7 - 118*y**2. Let o be w(1). Calculate the greatest common divisor of 64 and o.
8
Let v = -6959 - -6967. Calculate the greatest common divisor of v and 3284.
4
Let q(h) = 18*h + 126. Let z(n) = n**3 - 42*n**2 + 40*n + 36. Let r be z(41). Let j be q(r). Calculate the highest common factor of j and 36.
36
Let m = -5 + 7. Suppose -3*c + 19 = -3*j + 76, -26 = -m*j - 2*c. Calculate the highest common factor of 24 and j.
8
Suppose -194 = -9*b - 140. Let c(o) = o**2 + 25 - 4*o - 9 - 10. Let h be c(6). Calculate the highest common divisor of h and b.
6
Suppose 4*b + 2682 = -2*f, -9*b + 14*b = -4*f - 3348. Let k be (-4)/22 - (b/66 - 0). Calculate the highest common divisor of k and 70.
10
Suppose -3*h + 2*w = -1500, 0 = 2*h + w - 538 - 476. Calculate the greatest common divisor of 30 and h.
6
Let q be -4 + 1 + -16 + -2. Let c = -3 - q. Let b(t) = 6*t**2 + 6*t - 126. Let g be b(6). What is the highest common factor of c and g?
18
Suppose 0 = -14*c + 50*c - 288. What is the greatest common factor of 41 and c?
1
Let z be (-17482)/(-8) + 21/(-84). Calculate the highest common divisor of 95 and z.
95
Let c(b) = -289*b**3 + 2*b + 1. Let k = 424 + -425. Let j be c(k). What is the greatest common factor of j and 64?
32
Suppose -6*h - 11*h + 153 = 0. Let o = 301 + -256. Calculate the greatest common factor of o and h.
9
Let d = -2111 - -2133. What is the highest common factor of d and 1573?
11
Let j be 208 + -18 + (8 - 0). Let b = -121 + 154. What is the greatest common factor of b and j?
33
Let t(k) = -k + 1. Let r be t(0). Suppose 269 = 2*g + 245. Let b(p) = p**3 - 11*p**2 - 15*p + 38. Let y be b(g). What is the highest common factor of y and r?
1
Suppose 0 = -4*a + 20, 0 = -2*s - 55*a + 60*a - 13. Let g be (-17)/((-204)/3872) + (-4)/s. Calculate the greatest common factor of g and 14.
14
Let x(d) = d**3 - 4*d**2 - 34*d - 4. Let p be x(8). Let t be ((-1324)/p - 9)/((-2)/(-10)). What is the greatest common divisor of t and 22?
22
Let v(b) = b + 2. Let z = 44 + -44. Let n be v(z). Suppose -162 = -3*x + n*g, 2*x + 2*x + 3*g - 233 = 0. Calculate the highest common divisor of 8 and x.
8
Let o be (-4 - -5)/(1 - 0) + -1. Let g be -5*1/(o - 1). Suppose -h - 5*i + 60 = 0, -4*i + 320 = g*h - h. What is the highest common factor of h and 17?
17
Let v be (-2)/(-3)*(2617 + -172). Calculate the highest common factor of 10 and v.
10
Let n = -13 - -15. Suppose -5*f = 2*d - 19, -4*d = -3*f - n*f - 23. Let x(t) = -16*t. Let a be x(-7). What is the greatest common divisor of d and a?
7
Let l = 2 - -7. Let i be (7 - -69)*(0 - 1/(-2)). Let h be -3*8/36 - i/(-3). What is the highest common factor of h and l?
3
Let q(o) = 27*o + 106. Let u be q(-3). Calculate the greatest common factor of 7075 and u.
25
Suppose -84*d + 59*d - 39720 = -921345. Calculate the highest common factor of 15 and d.
15
Let g be -7 - ((-13 - -4) + -4 - 0). What is the highest common divisor of 4437 and g?
3
Suppose -4*a + 23 = 5*n, -a + 8 = 3*a. Suppose 5*c = 3*w + n*c - 26, 0 = 4*w + 5*c - 73. What is the highest common factor of w and 20?
4
Suppose -248941 = -16*p - 54974 + 184785. Calculate the greatest common divisor of 88 and p.
88
Suppose 0 = 2*o - 3*o - 4*f + 24, -2*o = -f - 30. Let c be (-3 + 148/44)/(420/11550). What is the greatest common divisor of c and o?
2
Let a = -147 + 163. Suppose -15*v + a*v - 221 = 0. What is the greatest common divisor of 13 and v?
13
Suppose -17*n - 12920 = -78*n - 75*n. Calculate the greatest common factor of n and 20.
5
Suppose 0*l + 937 = 4*c + 3*l, l = -5. Suppose -2298 = -38*n + 1578. Calculate the highest common factor of n and c.
34
Let j = 62081 - 61617. Let y be (-2)/6 + (-264)/(-9). What is the greatest common divisor of j and y?
29
Let t(c) = 4*c - 2. Let s be t(6). Let w(d) = 15*d - 25*d + 53 + 9*d. Let r be w(-13). What is the highest common divisor of s and r?
22
Let z = 6650 - 6605. What is the greatest common divisor of 15 and z?
15
Let j(o) = o**2. Let t(l) = l**2 - 7*l + 7. Let r(m) = j(m) + t(m). Let x be r(-7). What is the highest common divisor of x and 14?
14
Let g be (5 - 1) + (-620)/(-31). Suppose 0 = -g*l + l + 1840. Calculate the highest common factor of 16 and l.
16
Let z be (-15140)/(-22) - ((-76)/(-2090))/(5/25). What is the greatest common factor of 1634 and z?
86
Let k = 3243 - 3235. Let i = 2 + 0. Suppose 0*v + i = v. Calculate the greatest common divisor of k and v.
2
Let i = -22023 - -29716. What is the greatest common divisor of i and 196?
49
Suppose 244*w = -26*f + 242*w + 9102, 0 = -3*f + 3*w + 1089. Let b be (104/20)/(2/10). Calculate the highest common divisor of f and b.
13
Let o(h) = 7*h**2 + 49*h + 454. Let i be o(-14). Calculate the greatest common divisor of 60 and i.
60
Suppose w + w = -8. Let n be (1*9)/(15/80*w). Let x be 2/8 - 261/n. Calculate the highest common divisor of x and 110.
22
Suppose 3*s - 6*o = 8*s - 1718, 5*s - 2*o = 1774. Suppose -3*c = -0*c - 132. What is the highest common factor of c and s?
44
Let h = 18377 + -18242. Calculate the highest common divisor of 13905 and h.
135
Let q be (20/4 + (-2)/(-2))/((-522)/(-3393)). What is the highest common divisor of 286 and q?
13
Let d be 3 + -14 + 9 - 8. Let b = d - -22. Calculate the highest common divisor of 174 and b.
6
Let t(i) = i**3 - 6*i**2 + 2*i + 5. Let j be t(6). Suppose 374*q = 323*q + 16473. Calculate the highest common factor of q and j.
17
Let n be (63/(-28))/(2/(-24)). Let k(h) = 24*h**2 + 16*h**2 + h + n - 28. Let j be k(1). Calculate the greatest common divisor of j and 10.
10
Suppose -223551 = -159*p + 12564. Calculate the greatest common factor of p and 60